m.
71
Suppose 87 = 3*y - 0*y. What are the prime factors of y?
29
Let w = -9 + 13. Let d = -5 + w. What are the prime factors of ((-7)/5 - d)*-25?
2, 5
Suppose 0 = -4*j + j + 123. What are the prime factors of j?
41
Suppose 5*s - 9 = -a, -5*s = -0*a + 2*a - 8. Suppose 2*c + 34 = s*r, -5*r + 71 + 14 = 3*c. List the prime factors of r.
17
Let s = -2 - -4. Suppose 2 - 4 = 2*r. What are the prime factors of (-2)/r + s + 0?
2
Suppose 0 = 6*b - 3*b. Let p = 11 + -10. List the prime factors of (-5)/p*(-3 - b).
3, 5
Let n be 3/9 - 16/(-6). List the prime factors of ((-18)/(-1))/n + -2.
2
Let z be 44/(-2)*(-1 - 0). Suppose 33 = o + l, -5*l - 5 = -o + z. List the prime factors of o.
2
Let m = -45 + 67. Let j = 48 - m. List the prime factors of j.
2, 13
Suppose -2*z = 4*p - 226, 4*z - 275 = -5*p - z. List the prime factors of p.
2, 29
Let z(j) = j**2 - 7*j - 6. Let i be z(6). What are the prime factors of (-66)/i + (-6)/(-4)?
7
Let j(v) = -2 + v**3 + 1 - 4*v**2 - 3*v**3 - 1 - 3*v. List the prime factors of j(-2).
2
Let l = -66 - -124. List the prime factors of l.
2, 29
Let i(l) = -l**3 + 8*l**2 - 5*l - 2. Let z be i(7). Suppose -8 = -g + a, 2*g - z = -3*a + a. What are the prime factors of g?
7
Let g = 7 - -26. What are the prime factors of g?
3, 11
Let w(c) = -3 - c**2 - 3 + 0*c**2 - 9*c. Let v be w(-8). Suppose -v*a + 14 + 10 = -5*s, 4*s = -5*a + 27. What are the prime factors of a?
7
Let m be (-14)/49 - (-19)/(-7). List the prime factors of (1*2)/(m/(-6)).
2
Let z be (8/5)/((-2)/(-55)). Suppose 4*i = 3*m + z, -2*m = 3*i - 25 - 8. List the prime factors of i.
11
Suppose 4*i - 172 = -2*y, 3*y = -10*i + 5*i + 213. List the prime factors of i.
3, 5
Let g = -12 - -17. Suppose 3*a = -3*w + 36, -a = -w + g*w + 3. List the prime factors of a.
17
Let t be (2/(-4))/(4/(-24)). Suppose 3*m = t*g - 9, g + 2*g - 2*m = 8. Let v = 1 + g. List the prime factors of v.
3
Let z be (-2 - -1)/(3/(-18)). Suppose -5*r - z = -31. Suppose -r*w + 2*w = -54. What are the prime factors of w?
2, 3
Let d = 25 + -23. Suppose -5 = -2*k - 3*k, 0 = -d*v + 2*k + 84. What are the prime factors of v?
43
Let l = 16 - 4. Suppose -2*m + l = 2*m - 5*p, -m = 4*p - 3. Suppose m*o = 5*o - 26. List the prime factors of o.
13
Let l(k) = 23 + 5*k - 2*k - 20. What are the prime factors of l(10)?
3, 11
Suppose -5*i = -3*n - 2, -3*i + 4*n = -0*i + 1. Let j(p) = -16*p**2 + p. Let k be j(i). Let y = 25 + k. What are the prime factors of y?
2, 5
Suppose a = t + 2, 2 = 2*a + t - 2. Let o(z) = z**2 + 2*z + 1. List the prime factors of o(a).
3
Let y(x) = 2*x**2 + 5*x + 20. List the prime factors of y(-8).
2, 3
List the prime factors of 10/(1 + (-14)/18).
3, 5
Let x be (-3)/(1 + (-14)/8). Let u = 2 + 2. Suppose -b = -3*g - 12, -u*g = -2*g - x. List the prime factors of b.
2, 3
Let j(y) be the third derivative of 0 - y**2 - 1/24*y**4 + 0*y + 7/6*y**3. List the prime factors of j(-7).
2, 7
What are the prime factors of 3 + (3 - 29)/((-2)/4)?
5, 11
Suppose 3*k - 2*k - 12 = -2*h, 0 = -2*h - 6. List the prime factors of k.
2, 3
Suppose -2*t - 7 + 22 = a, -2*a + 40 = 2*t. List the prime factors of a.
5
Let g = 14 - 4. Suppose 0 = 5*u - g - 30. What are the prime factors of u?
2
Suppose -l + 5*y + 25 = 0, -3*l = -7*l + y + 43. Let u(s) be the first derivative of s**2 - 13*s + 1. List the prime factors of u(l).
7
Let u(q) = -14*q**2 + q. Let z be u(-1). Let t = -5 - z. What are the prime factors of t?
2, 5
Let a(t) = -t**3 - 4*t**2 - 4*t - 3. Let q be a(-3). Suppose q = -c + 4*c + 114. Let l = -19 - c. List the prime factors of l.
19
Suppose -u = b + b - 425, -1070 = -5*b - 5*u. List the prime factors of b.
211
Let g = 119 + -62. List the prime factors of g.
3, 19
Let t be ((-16)/10)/(26/(-65)). Suppose 0 = -4*f + p + 92, -2*p + 84 = t*f - p. What are the prime factors of f?
2, 11
Suppose 2*b = -0*b - 12. What are the prime factors of 50/(-3)*9/b?
5
Suppose -82*u = -87*u + 420. What are the prime factors of u?
2, 3, 7
Let y(v) = 4 + 1 + 3*v**2 - 5*v - 4*v**2. Let l be y(-4). Let j = -4 + l. What are the prime factors of j?
5
Let r = -3 - -5. Let o(a) = 3*a**2 + 2*a + 2. Let y be o(-2). Suppose -4*g + 14 = -r*h, 3*h - 13 - y = -5*g. What are the prime factors of g?
2
Let m = 441 - 288. What are the prime factors of m?
3, 17
Let m(b) = -7*b**2 + 5*b + 10. Let j(x) = 3*x**2 - 2*x - 5. Let w(u) = 5*j(u) + 2*m(u). What are the prime factors of w(5)?
2, 5
Let b = -18 - -20. What are the prime factors of 0 - (b + (-48 - 3))?
7
Suppose 4 + 2 = a. Let l = 14 - 10. Suppose 5*c = 4*m + 4*c - a, 0 = 2*c - l. List the prime factors of m.
2
Suppose h + h = 0. Suppose -x = -h*x. Suppose 0 = w - 2, -q = -x*w - 3*w - 4. What are the prime factors of q?
2, 5
Suppose 31 = -5*m + 186. Let v = -15 + m. What are the prime factors of v?
2
Let n be (0 - (2 - 3)) + 1. Let g(c) = 5 + 6*c**2 - n + c**3 + 2 + 9*c - 3*c. List the prime factors of g(-4).
13
Suppose -2*v = -6, 4*z + 5*v - 202 = 3*z. Suppose q = -3*q + 5*g + 147, 5*q - 3*g = z. List the prime factors of q.
2, 19
What are the prime factors of (-20)/45*-15*108/10?
2, 3
Suppose 22 + 11 = 2*v - 5*n, 5*v - 126 = -2*n. What are the prime factors of v?
2, 3
Let g = -1 + 1. Let h = 6 + g. List the prime factors of h.
2, 3
Let n be ((-4)/(-3))/((-4)/(-12)). Let c = 1 + n. What are the prime factors of c?
5
Suppose 4 = 2*g + 2. Suppose 2*j - 3 = -2*s - g, -5*s + 40 = -2*j. List the prime factors of s.
2, 3
Suppose -2*q + 4*q + 4 = 0. List the prime factors of 59/3 - q/(-3).
19
Let l = 143 - 92. Suppose o - 2*o = 5*k - 57, l = o - k. List the prime factors of o.
2, 13
Let j = 131 - 46. What are the prime factors of j?
5, 17
Suppose -10*z - 26 = -3*x - 8*z, 6 = x - 2*z. List the prime factors of x.
2, 5
Suppose 4*b = -b + 50. Let g = b + -8. Suppose -3*w + 24 = 2*v, -2*v + 4 = 3*w - g*w. What are the prime factors of w?
2, 5
Let z(m) = m**3 + 7*m**2 + m + 8. Let b be z(-7). Suppose 30 = -2*i + 7*i - 5*u, -u = 5. What are the prime factors of -3 + i - (-16)/b?
2, 7
Let v = -97 + 167. List the prime factors of v.
2, 5, 7
Let r = -3 + 3. Suppose r*h - 5 = h. What are the prime factors of 12/h*(2 + -7)?
2, 3
Let q(u) = u**2 - 6*u - 7. Let y be q(7). Let n(t) = -t**2 + t - 2. Let v be n(y). What are the prime factors of v/7 - 69/(-21)?
3
Let s be (-684)/(-10) - 2/5. Suppose -s = -15*y + 11*y. What are the prime factors of y?
17
Let o(h) = 2*h**2 - 4*h + 4. Let d be o(3). Let n = 4 + d. What are the prime factors of n?
2, 7
Let w(u) = -u**2 - 8*u - 5. Let h be w(-7). List the prime factors of (-164)/(-12) - h/(-6).
2, 7
Suppose -2*y + 4*y - 24 = 0. Let s = y - 4. Suppose 4*k - 40 = -s. List the prime factors of k.
2
Suppose -j = 2*w - 10, -2*j - 6*w + 4*w + 28 = 0. Suppose 0 = 5*m - j - 87. Let h = m - 10. List the prime factors of h.
11
Suppose 0*w + 1 = -w. Let r be w - (-1*18)/2. Suppose -u = u - r. List the prime factors of u.
2
Suppose -69 = -4*x + 23. What are the prime factors of x?
23
Let h(x) = 3*x + 4. Let a(g) = 4*g + 5. Let s(o) = -2*a(o) + 3*h(o). List the prime factors of s(3).
5
Suppose -5*u + 3*u + 50 = 0. What are the prime factors of u?
5
Suppose 3*s + 2*k = 142, -3*k + 52 = -3*s + 4*s. Suppose 0*d + s = 2*d. What are the prime factors of d?
23
Suppose -i - 3*q + 24 = 2*i, -q + 20 = 4*i. Let a = 9 + -11. Let y = a + i. What are the prime factors of y?
2
Let k = 17 - -223. What are the prime factors of k?
2, 3, 5
Suppose 2*o + 5 = 13. List the prime factors of o.
2
List the prime factors of 3 + 35 - -2 - (-3)/1.
43
List the prime factors of 4/(-10) + (-192)/(-5).
2, 19
Let l(k) = 0*k**2 - k**2 + 8 + 7 + 0*k**3 + k + k**3. List the prime factors of l(0).
3, 5
Let u be (-1)/((-76)/(-40) + -2). List the prime factors of (-40)/(-1)*8/u.
2
Let f(i) = -i**3 + 8*i**2 + 2*i - 10. What are the prime factors of f(7)?
53
Let f = 94 - 35. List the prime factors of f/4 - 2/(-8).
3, 5
Let p(f) = f**3 - 6 + 0 + 14 - f + 7 - f**2. Suppose 4*q + 2*m + 3*m + 10 = 0, 0 = 5*q - m - 2. What are the prime factors of p(q)?
3, 5
Suppose 3*q = 7*q - 3*d - 145, -3*q + 2*d + 109 = 0. List the prime factors of q.
37
Let q(u) = -u**2 - 10*u - 9. Let a be q(-6). Suppose -3*s - a = -6*s. Suppose -5*f + 29 = -2*n, f + 0*f - 15 = s*n. List the prime factors of f.
5
Let g(s) = s**2 - 4*s + 2. Let t be g(4). Su